{"id":4315,"date":"2026-04-20T21:40:58","date_gmt":"2026-04-20T21:40:58","guid":{"rendered":"https:\/\/multitienda.bcardmexico.com\/?post_type=product&#038;p=4315"},"modified":"2026-04-20T21:40:58","modified_gmt":"2026-04-20T21:40:58","slug":"camisa-guess-negra","status":"publish","type":"product","link":"https:\/\/multitienda.bcardmexico.com\/?product=camisa-guess-negra","title":{"rendered":"Camisa Guess Negra"},"content":{"rendered":"<ul class=\"stylesTabs_listAttributesSears__oN2uN\">\n<li><span class=\"stylesTabs_atributesKeySears__b6bHh\">tipo de prenda \/ art\u00edculo<\/span><span class=\"stylesTabs_atributesValueSears__Wx2ki\">Playera<\/span><\/li>\n<li><span class=\"stylesTabs_atributesKeySears__b6bHh\">fit \/ tipo de ajuste<\/span><span class=\"stylesTabs_atributesValueSears__Wx2ki\">Regular<\/span><\/li>\n<li><span class=\"stylesTabs_atributesKeySears__b6bHh\">estilo del cuello<\/span><span class=\"stylesTabs_atributesValueSears__Wx2ki\">Redondo<\/span><\/li>\n<li><span class=\"stylesTabs_atributesKeySears__b6bHh\">tipo de ocasi\u00f3n \/ disciplina<\/span><span class=\"stylesTabs_atributesValueSears__Wx2ki\">Casual<\/span><\/li>\n<li><span class=\"stylesTabs_atributesKeySears__b6bHh\">uso sugerido<\/span><span class=\"stylesTabs_atributesValueSears__Wx2ki\">Hombre Universitario<\/span><\/li>\n<li><span class=\"stylesTabs_atributesKeySears__b6bHh\">tipo de estampado\/patr\u00f3n<\/span><span class=\"stylesTabs_atributesValueSears__Wx2ki\">Liso<\/span><\/li>\n<\/ul>\n","protected":false},"excerpt":{"rendered":"<p>Guess, una marca con estilo de vida joven, atrevido y aventurero. Encuentra esenciales con dise\u00f1os atemporales y vanguardistas para lograr looks \u00fanicos e incre\u00edbles. \u00a1Desbloquea un mundo de estilo con un solo clic!<\/p>\n","protected":false},"featured_media":4316,"comment_status":"open","ping_status":"closed","template":"","meta":[],"etheme_brands":[],"product_brand":[],"product_cat":[73],"product_tag":[],"class_list":{"0":"post-4315","1":"product","2":"type-product","3":"status-publish","4":"has-post-thumbnail","6":"product_cat-ropa","8":"first","9":"instock","10":"shipping-taxable","11":"product-type-simple"},"yoast_head":"<!-- This site is optimized with the Yoast SEO Premium plugin v23.4 (Yoast SEO v23.4) - https:\/\/yoast.com\/wordpress\/plugins\/seo\/ -->\n<title>Camisa Guess Negra - MultiTienda<\/title>\n<meta name=\"robots\" content=\"index, follow, max-snippet:-1, max-image-preview:large, max-video-preview:-1\" \/>\n<link rel=\"canonical\" href=\"https:\/\/multitienda.bcardmexico.com\/?product=camisa-guess-negra\" \/>\n<meta property=\"og:locale\" content=\"es_MX\" \/>\n<meta property=\"og:type\" content=\"article\" \/>\n<meta property=\"og:title\" content=\"Camisa Guess Negra\" \/>\n<meta property=\"og:description\" content=\"Guess, una marca con estilo de vida joven, atrevido y aventurero. Encuentra esenciales con dise\u00f1os atemporales y vanguardistas para lograr looks \u00fanicos e incre\u00edbles. \u00a1Desbloquea un mundo de estilo con un solo clic!\" \/>\n<meta property=\"og:url\" content=\"https:\/\/multitienda.bcardmexico.com\/?product=camisa-guess-negra\" \/>\n<meta property=\"og:site_name\" content=\"MultiTienda\" \/>\n<meta property=\"og:image\" content=\"https:\/\/multitienda.bcardmexico.com\/wp-content\/uploads\/2026\/04\/Guess-Negra.jpg\" \/>\n\t<meta property=\"og:image:width\" content=\"1080\" \/>\n\t<meta property=\"og:image:height\" content=\"1080\" \/>\n\t<meta property=\"og:image:type\" content=\"image\/jpeg\" \/>\n<meta name=\"twitter:card\" content=\"summary_large_image\" \/>\n<script type=\"application\/ld+json\" class=\"yoast-schema-graph\">{\"@context\":\"https:\/\/schema.org\",\"@graph\":[{\"@type\":\"WebPage\",\"@id\":\"https:\/\/multitienda.bcardmexico.com\/?product=camisa-guess-negra\",\"url\":\"https:\/\/multitienda.bcardmexico.com\/?product=camisa-guess-negra\",\"name\":\"Camisa Guess Negra - MultiTienda\",\"isPartOf\":{\"@id\":\"https:\/\/multitienda.bcardmexico.com\/#website\"},\"primaryImageOfPage\":{\"@id\":\"https:\/\/multitienda.bcardmexico.com\/?product=camisa-guess-negra#primaryimage\"},\"image\":{\"@id\":\"https:\/\/multitienda.bcardmexico.com\/?product=camisa-guess-negra#primaryimage\"},\"thumbnailUrl\":\"https:\/\/multitienda.bcardmexico.com\/wp-content\/uploads\/2026\/04\/Guess-Negra.jpg\",\"datePublished\":\"2026-04-20T21:40:58+00:00\",\"dateModified\":\"2026-04-20T21:40:58+00:00\",\"breadcrumb\":{\"@id\":\"https:\/\/multitienda.bcardmexico.com\/?product=camisa-guess-negra#breadcrumb\"},\"inLanguage\":\"es\",\"potentialAction\":[{\"@type\":\"ReadAction\",\"target\":[\"https:\/\/multitienda.bcardmexico.com\/?product=camisa-guess-negra\"]}]},{\"@type\":\"ImageObject\",\"inLanguage\":\"es\",\"@id\":\"https:\/\/multitienda.bcardmexico.com\/?product=camisa-guess-negra#primaryimage\",\"url\":\"https:\/\/multitienda.bcardmexico.com\/wp-content\/uploads\/2026\/04\/Guess-Negra.jpg\",\"contentUrl\":\"https:\/\/multitienda.bcardmexico.com\/wp-content\/uploads\/2026\/04\/Guess-Negra.jpg\",\"width\":1080,\"height\":1080},{\"@type\":\"BreadcrumbList\",\"@id\":\"https:\/\/multitienda.bcardmexico.com\/?product=camisa-guess-negra#breadcrumb\",\"itemListElement\":[{\"@type\":\"ListItem\",\"position\":1,\"name\":\"Home\",\"item\":\"https:\/\/multitienda.bcardmexico.com\/\"},{\"@type\":\"ListItem\",\"position\":2,\"name\":\"Shop\",\"item\":\"https:\/\/multitienda.bcardmexico.com\/?page_id=20\"},{\"@type\":\"ListItem\",\"position\":3,\"name\":\"Camisa Guess Negra\"}]},{\"@type\":\"WebSite\",\"@id\":\"https:\/\/multitienda.bcardmexico.com\/#website\",\"url\":\"https:\/\/multitienda.bcardmexico.com\/\",\"name\":\"MultiTienda\",\"description\":\"\",\"publisher\":{\"@id\":\"https:\/\/multitienda.bcardmexico.com\/#organization\"},\"potentialAction\":[{\"@type\":\"SearchAction\",\"target\":{\"@type\":\"EntryPoint\",\"urlTemplate\":\"https:\/\/multitienda.bcardmexico.com\/?s={search_term_string}\"},\"query-input\":{\"@type\":\"PropertyValueSpecification\",\"valueRequired\":true,\"valueName\":\"search_term_string\"}}],\"inLanguage\":\"es\"},{\"@type\":\"Organization\",\"@id\":\"https:\/\/multitienda.bcardmexico.com\/#organization\",\"name\":\"MultiTienda\",\"url\":\"https:\/\/multitienda.bcardmexico.com\/\",\"logo\":{\"@type\":\"ImageObject\",\"inLanguage\":\"es\",\"@id\":\"https:\/\/multitienda.bcardmexico.com\/#\/schema\/logo\/image\/\",\"url\":\"https:\/\/multitienda.bcardmexico.com\/wp-content\/uploads\/2023\/11\/Logo-2x.jpeg\",\"contentUrl\":\"https:\/\/multitienda.bcardmexico.com\/wp-content\/uploads\/2023\/11\/Logo-2x.jpeg\",\"width\":332,\"height\":81,\"caption\":\"MultiTienda\"},\"image\":{\"@id\":\"https:\/\/multitienda.bcardmexico.com\/#\/schema\/logo\/image\/\"}}]}<\/script>\n<!-- \/ Yoast SEO Premium plugin. -->","yoast_head_json":{"title":"Camisa Guess Negra - MultiTienda","robots":{"index":"index","follow":"follow","max-snippet":"max-snippet:-1","max-image-preview":"max-image-preview:large","max-video-preview":"max-video-preview:-1"},"canonical":"https:\/\/multitienda.bcardmexico.com\/?product=camisa-guess-negra","og_locale":"es_MX","og_type":"article","og_title":"Camisa Guess Negra","og_description":"Guess, una marca con estilo de vida joven, atrevido y aventurero. Encuentra esenciales con dise\u00f1os atemporales y vanguardistas para lograr looks \u00fanicos e incre\u00edbles. \u00a1Desbloquea un mundo de estilo con un solo clic!","og_url":"https:\/\/multitienda.bcardmexico.com\/?product=camisa-guess-negra","og_site_name":"MultiTienda","og_image":[{"width":1080,"height":1080,"url":"https:\/\/multitienda.bcardmexico.com\/wp-content\/uploads\/2026\/04\/Guess-Negra.jpg","type":"image\/jpeg"}],"twitter_card":"summary_large_image","schema":{"@context":"https:\/\/schema.org","@graph":[{"@type":"WebPage","@id":"https:\/\/multitienda.bcardmexico.com\/?product=camisa-guess-negra","url":"https:\/\/multitienda.bcardmexico.com\/?product=camisa-guess-negra","name":"Camisa Guess Negra - MultiTienda","isPartOf":{"@id":"https:\/\/multitienda.bcardmexico.com\/#website"},"primaryImageOfPage":{"@id":"https:\/\/multitienda.bcardmexico.com\/?product=camisa-guess-negra#primaryimage"},"image":{"@id":"https:\/\/multitienda.bcardmexico.com\/?product=camisa-guess-negra#primaryimage"},"thumbnailUrl":"https:\/\/multitienda.bcardmexico.com\/wp-content\/uploads\/2026\/04\/Guess-Negra.jpg","datePublished":"2026-04-20T21:40:58+00:00","dateModified":"2026-04-20T21:40:58+00:00","breadcrumb":{"@id":"https:\/\/multitienda.bcardmexico.com\/?product=camisa-guess-negra#breadcrumb"},"inLanguage":"es","potentialAction":[{"@type":"ReadAction","target":["https:\/\/multitienda.bcardmexico.com\/?product=camisa-guess-negra"]}]},{"@type":"ImageObject","inLanguage":"es","@id":"https:\/\/multitienda.bcardmexico.com\/?product=camisa-guess-negra#primaryimage","url":"https:\/\/multitienda.bcardmexico.com\/wp-content\/uploads\/2026\/04\/Guess-Negra.jpg","contentUrl":"https:\/\/multitienda.bcardmexico.com\/wp-content\/uploads\/2026\/04\/Guess-Negra.jpg","width":1080,"height":1080},{"@type":"BreadcrumbList","@id":"https:\/\/multitienda.bcardmexico.com\/?product=camisa-guess-negra#breadcrumb","itemListElement":[{"@type":"ListItem","position":1,"name":"Home","item":"https:\/\/multitienda.bcardmexico.com\/"},{"@type":"ListItem","position":2,"name":"Shop","item":"https:\/\/multitienda.bcardmexico.com\/?page_id=20"},{"@type":"ListItem","position":3,"name":"Camisa Guess Negra"}]},{"@type":"WebSite","@id":"https:\/\/multitienda.bcardmexico.com\/#website","url":"https:\/\/multitienda.bcardmexico.com\/","name":"MultiTienda","description":"","publisher":{"@id":"https:\/\/multitienda.bcardmexico.com\/#organization"},"potentialAction":[{"@type":"SearchAction","target":{"@type":"EntryPoint","urlTemplate":"https:\/\/multitienda.bcardmexico.com\/?s={search_term_string}"},"query-input":{"@type":"PropertyValueSpecification","valueRequired":true,"valueName":"search_term_string"}}],"inLanguage":"es"},{"@type":"Organization","@id":"https:\/\/multitienda.bcardmexico.com\/#organization","name":"MultiTienda","url":"https:\/\/multitienda.bcardmexico.com\/","logo":{"@type":"ImageObject","inLanguage":"es","@id":"https:\/\/multitienda.bcardmexico.com\/#\/schema\/logo\/image\/","url":"https:\/\/multitienda.bcardmexico.com\/wp-content\/uploads\/2023\/11\/Logo-2x.jpeg","contentUrl":"https:\/\/multitienda.bcardmexico.com\/wp-content\/uploads\/2023\/11\/Logo-2x.jpeg","width":332,"height":81,"caption":"MultiTienda"},"image":{"@id":"https:\/\/multitienda.bcardmexico.com\/#\/schema\/logo\/image\/"}}]}},"_links":{"self":[{"href":"https:\/\/multitienda.bcardmexico.com\/index.php?rest_route=\/wp\/v2\/product\/4315","targetHints":{"allow":["GET"]}}],"collection":[{"href":"https:\/\/multitienda.bcardmexico.com\/index.php?rest_route=\/wp\/v2\/product"}],"about":[{"href":"https:\/\/multitienda.bcardmexico.com\/index.php?rest_route=\/wp\/v2\/types\/product"}],"replies":[{"embeddable":true,"href":"https:\/\/multitienda.bcardmexico.com\/index.php?rest_route=%2Fwp%2Fv2%2Fcomments&post=4315"}],"version-history":[{"count":1,"href":"https:\/\/multitienda.bcardmexico.com\/index.php?rest_route=\/wp\/v2\/product\/4315\/revisions"}],"predecessor-version":[{"id":4317,"href":"https:\/\/multitienda.bcardmexico.com\/index.php?rest_route=\/wp\/v2\/product\/4315\/revisions\/4317"}],"wp:featuredmedia":[{"embeddable":true,"href":"https:\/\/multitienda.bcardmexico.com\/index.php?rest_route=\/wp\/v2\/media\/4316"}],"wp:attachment":[{"href":"https:\/\/multitienda.bcardmexico.com\/index.php?rest_route=%2Fwp%2Fv2%2Fmedia&parent=4315"}],"wp:term":[{"taxonomy":"brand","embeddable":true,"href":"https:\/\/multitienda.bcardmexico.com\/index.php?rest_route=%2Fwp%2Fv2%2Fetheme_brands&post=4315"},{"taxonomy":"product_brand","embeddable":true,"href":"https:\/\/multitienda.bcardmexico.com\/index.php?rest_route=%2Fwp%2Fv2%2Fproduct_brand&post=4315"},{"taxonomy":"product_cat","embeddable":true,"href":"https:\/\/multitienda.bcardmexico.com\/index.php?rest_route=%2Fwp%2Fv2%2Fproduct_cat&post=4315"},{"taxonomy":"product_tag","embeddable":true,"href":"https:\/\/multitienda.bcardmexico.com\/index.php?rest_route=%2Fwp%2Fv2%2Fproduct_tag&post=4315"}],"curies":[{"name":"wp","href":"https:\/\/api.w.org\/{rel}","templated":true}]}}